se 7*w - 4*w = 27. Let x = -3 + w. What are the prime factors of ((-8)/6)/((-4)/x)?
2
Suppose -4*s = -2*p - 9 - 101, -4*s - 31 = p. Let k = -31 - p. Let y = 62 - k. What are the prime factors of y?
2, 23
What are the prime factors of ((-2)/10)/((-25)/77125)?
617
Suppose -v = 3*o - 6*o - 2, 2 = -v + o. Let r(n) = -39*n - 3. What are the prime factors of r(v)?
3, 17
Let s(x) = x**3 + 4*x**2 - 3*x - 17. Let f be s(-4). What are the prime factors of 54/f*(-220)/33?
2, 3
Let u = -26 + 32. What are the prime factors of 0 + 22*9/u?
3, 11
List the prime factors of 35/10*(-468)/(-21).
2, 3, 13
Suppose -z + 0*z + 7 = 0. Suppose -3*s + 56 = -5*k + z, -3*s = 4*k - 85. Suppose 9 = 3*b + l - 6, -5*b = l - s. List the prime factors of b.
2
Let g(x) = -2*x - 5. Let q = -12 - -8. Let i be g(q). Suppose i*n = 60 - 0. List the prime factors of n.
2, 5
Suppose 5*r - 136 = 4. Let n be 15/(-6)*r/(-5). Let t = 5 + n. What are the prime factors of t?
19
Suppose 18*g = -5*s + 15*g + 1810, 2*s + 6*g - 748 = 0. List the prime factors of s.
359
Let a be 213/(-2)*6/(-9). Suppose 2*p - 75 = a. What are the prime factors of p?
73
Let g(i) = 3*i**2 - 118*i + 152. List the prime factors of g(59).
3, 7, 173
Let f = -89 + 107. Suppose 2*l = 124 + f. What are the prime factors of l?
71
Let q(c) = c**3 + 6*c**2 + 5. Let j be q(-6). Suppose -2*s + 626 = -5*p, j*p + 15 = -5. What are the prime factors of s?
3, 101
Suppose 5*d = 3*k + 12299, 5*d + 5*k - 7982 = 4333. What are the prime factors of d?
23, 107
Suppose -7 + 12 = -d. Let t(w) = w**2 + 6*w + 5. Let o be t(d). What are the prime factors of (o - -1) + 33/1?
2, 17
Let k be ((-6)/4)/((-6)/12). Suppose 4*c = -5*i + 431, 2*c + i = -k*i + 208. What are the prime factors of c?
2, 3, 19
Let h(w) = -w - 5. Let g be h(-9). Suppose -59 = -g*i + 5*k + 129, i + 4*k - 68 = 0. Let d = 75 - i. What are the prime factors of d?
23
Let d be (-708)/18*(-5 - -2). Let u = 166 - d. What are the prime factors of u?
2, 3
Let h = 37 - 31. Suppose 0 = -d - h*i + 2*i + 72, -273 = -4*d - i. What are the prime factors of d?
2, 17
Let b(g) = 3*g**3 + g + 1. Let i be b(-1). Let h = i - -5. Suppose 4*l = 2*v + h - 0, -v + 4*l - 7 = 0. List the prime factors of v.
5
Suppose 7 = 4*w - 5. Suppose -w*b + 398 = -z, 3*z + 727 - 188 = 4*b. List the prime factors of b.
131
Let o be (1 + -4)/((-11)/(-66)). List the prime factors of (o/21)/((-10)/840).
2, 3
Let m(v) = 546*v + 30. What are the prime factors of m(1)?
2, 3
What are the prime factors of -956*(-6)/8*4/4?
3, 239
Suppose -392 = -a - 91. List the prime factors of a.
7, 43
Suppose -4*r + 0 = -1040. Let l = r - 130. List the prime factors of l.
2, 5, 13
Let b(p) = 2*p**2 + 22*p - 3. Let q be b(-25). Let c = -440 + q. List the prime factors of c.
257
Suppose -4*l = -6*l - 6. Let h(b) = -3*b**2 - 4*b + 1. Let g be h(l). What are the prime factors of (-242)/g - 2/7?
17
Let z = 421 + 213. List the prime factors of z.
2, 317
Suppose c - 36 = -3*c. Let j = 13 - c. Suppose 3*l = -0*l - 4*a + 73, 0 = j*l - a - 91. What are the prime factors of l?
23
Let z(i) be the first derivative of 7*i**3/6 + 2*i**2 - 9*i + 4. Let b(x) be the first derivative of z(x). What are the prime factors of b(7)?
53
Suppose 0*f + f + 2*w - 955 = 0, 10 = -2*w. What are the prime factors of f?
5, 193
Suppose -i - i + 126 = 0. Let j = 107 - i. List the prime factors of j.
2, 11
Let x be (-3 + -2 + 5)/(-1). Suppose 2*o + 4*m - 418 = -x*m, -1110 = -5*o + 3*m. List the prime factors of o.
3, 73
Let l = 35 + -31. Suppose 5*i - 2*i = -5*f + 326, 3*f = -l*i + 189. What are the prime factors of f?
67
Suppose 3*a - 21*a + 1206 = 0. What are the prime factors of a?
67
Let w = 43 - 28. What are the prime factors of (3 - 7) + w*4?
2, 7
Let p be (4 - -463)/1 + 6/2. Suppose -17 = 5*n - 57. Suppose 138 = n*h - p. What are the prime factors of h?
2, 19
Let c(b) = 9*b + 40. What are the prime factors of c(11)?
139
Let p(l) = -7*l + 3. Let t(s) be the second derivative of s**2/2 - 3*s. Let m(b) = p(b) - 4*t(b). What are the prime factors of m(-2)?
13
Suppose -5*z = 5*a + 80, 3*a + 71 = 3*z + 23. Let x = 9 + -19. Let l = x - a. What are the prime factors of l?
2, 3
Let i be -20*3*(-1)/6. Suppose -44 = -t - 2*h - i, 2*t = h + 63. List the prime factors of t.
2
Let v be (1/(-3))/((-5)/15). Let y(b) = 2 - 4 + v + 3*b. List the prime factors of y(9).
2, 13
Let b(s) = -4 + s**2 + 5*s + 1 + 1 - 3. What are the prime factors of b(-12)?
79
Suppose -4281 + 14145 = 8*j. What are the prime factors of j?
3, 137
Let h be ((-2)/(-4))/((-2)/(-8)). Suppose -3*a + 80 - 23 = 0. Suppose -h*z + a = -z. What are the prime factors of z?
19
Suppose 0 = -2*j - 0 + 6. Let l be 10/j*(-18)/(-15). Suppose l*u - 88 = -0*b + 2*b, -5*u - 5*b + 110 = 0. List the prime factors of u.
2, 11
Suppose 6*s - 29 = s + 4*i, 4*s + 3*i = 17. Suppose 855 = s*w + g, w = -4*g + 5*g + 171. List the prime factors of w.
3, 19
Let c = 10 + -50. List the prime factors of ((-36)/(-10))/((-6)/c).
2, 3
Let v be -2*1/5*(-60)/8. Suppose 243 = v*h - w, w = 4*w. What are the prime factors of h?
3
Let n(f) be the third derivative of -f**6/120 + 3*f**5/20 + f**4/12 - 5*f**3/6 + 9*f**2. What are the prime factors of n(8)?
3, 5
Let b(r) = r**3 - 8*r**2 - 4*r + 4. Let i be b(8). Let x be (0 + 1)*(-123)/(-3). Let h = x + i. What are the prime factors of h?
13
Let b = 14 + -17. Let r(v) = -v**3 - 2*v**2 - 2*v - 5. What are the prime factors of r(b)?
2, 5
Suppose 4*m = -j + 2661, 5*j - 20617 = -m - 7350. List the prime factors of j.
7, 379
Let g be 4/(-18) + 106/(-9). Suppose 0 = 49*k - 53*k - 12. What are the prime factors of g*(k + (-6)/(-4))?
2, 3
Suppose 0 = -3*s + 4*s - 58. List the prime factors of s + 5/(15/(-6)).
2, 7
Suppose -336*z + 343*z - 1211 = 0. List the prime factors of z.
173
Let z = -1064 - -1069. Let g = -1 - -2. Suppose -4*y + 23 + 102 = -z*d, d = -g. What are the prime factors of y?
2, 3, 5
Let i = -17 - -29. Suppose 9*a = i*a. Suppose 0 = -b - v + 18, -3*b - 4*v + 57 - 6 = a. List the prime factors of b.
3, 7
Let n = 1256 + -536. List the prime factors of n.
2, 3, 5
Let b = 1451 + -747. What are the prime factors of b?
2, 11
Let o = -327 + 473. List the prime factors of o.
2, 73
Suppose 5*v - 2*m + 8 = 43, 3*m + 30 = 3*v. Let o(x) = 7 - 2*x**2 + 1 + 5*x - 4*x + 3*x**2 - 5. What are the prime factors of o(v)?
3, 11
Let z(d) = 37*d - 11. List the prime factors of z(16).
7, 83
Suppose 3*k = 4*p + 5821, 2*p + 10 = 7*p. What are the prime factors of k?
29, 67
Let n = 97 + -95. Suppose -43 = 3*z + 2*q - 434, -4*q = n*z - 258. List the prime factors of z.
131
Let i be -1 + 1 + -3 + 0. Let w = i + 7. Suppose w*t + t = 3*y - 57, y = 4*t + 12. List the prime factors of y.
2, 3
Let z = -139 + 57. List the prime factors of ((-6)/2)/(3/z).
2, 41
Let r(c) be the second derivative of -c**5/20 + c**4/6 - c**3/2 + 2*c**2 + 6*c. Let y be r(3). List the prime factors of ((-248)/(-14))/((-4)/y).
2, 31
Let d be (-2)/(-2) + (11 - 8). Suppose o - 2*f = -10, -3*f = -f - d. What are the prime factors of 14/(3/((-9)/o))?
7
Let r(j) = 8*j + 2. Suppose 7 - 3 = 2*o. Suppose -4*l = o - 18. What are the prime factors of r(l)?
2, 17
Suppose -5*q + 3*q = 0. Suppose q = 4*z + y - 524, -z = -4*y - y - 131. List the prime factors of z.
131
Let j(k) = -57*k - 1. Let b = -20 - -25. Suppose -2*u - w - b = 0, 5*w = 3*u - 6 - 6. What are the prime factors of j(u)?
2, 7
Let b(y) = 0*y**2 - y - 4 + 2*y**2 - 3*y**2. Let t be b(-3). Let z(d) = d**3 + 9*d**2 - 12*d + 14. List the prime factors of z(t).
2, 17
Let q = -137 + 547. What are the prime factors of q?
2, 5, 41
Let u(r) = r**2 - 8*r + 11. Let v be u(5). Let w(k) = -5*k - 6. Let n be w(v). Let i = 2 + n. What are the prime factors of i?
2
What are the prime factors of (38 + 643)*34/6?
17, 227
Let r(p) = -2*p**2 - p + 1. Let n be r(-5). Let a = n + 64. What are the prime factors of a?
2, 5
List the prime factors of (-50598)/(-36)*8/12.
937
Let x(j) = 0*j + 4 - 8*j - j - 8*j. List the prime factors of x(-3).
5, 11
Let l(u) = 3*u**2 - 15*u + 136. List the prime factors of l(-28).
2, 727
Let r(t) = 58*t**2 - 2*t + 6. Let w be r(2). Let n = w + -45. List the prime factors of n.
3, 7
Let q = -169 - -273. List the prime factors of q.
2, 13
Suppose 3*c - 41 = x, -9 = -2*c - x + 15. Suppose -5 = 